 - r. Calculate the greatest common factor of 11 and x.
11
Suppose -26*z + 23*z + 5672 = 2*k, -13212 = -7*z + k. Calculate the highest common divisor of z and 4012.
236
Let h be (-96)/(-16) - (-2239 - -1). Suppose 14*z = -8*z + h. What is the greatest common factor of z and 6?
6
Let y be (29/(-3))/(6/(-18)). Suppose 3*x - 570 = -447. Suppose 33*h + 1856 = x*h. Calculate the highest common divisor of y and h.
29
Let f be (-26)/10*(-206 + -224). Calculate the highest common factor of 130 and f.
26
Suppose 0 = 5*x - 5*o - 330, 34*o - 70 = -x + 33*o. Calculate the highest common divisor of x and 5049.
17
Let s(l) = 6*l**3 - l**2 + 5*l - 7. Let g be s(3). What is the highest common divisor of g and 28?
7
Let m be -1 + 1698 - 147/21. What is the greatest common divisor of m and 10?
10
Let n be (((-63)/(-15))/(12/(-30)))/(4/(-200)). Calculate the greatest common divisor of 252 and n.
21
Suppose 0 = -0*k - 11*k + 55. Suppose 41*s - 45*s + 4*o = -40, k*s + 4*o - 23 = 0. Suppose 3*r = r + 56. Calculate the greatest common factor of r and s.
7
Let s = -127 + 139. Suppose 256 = -s*w + 1768. Calculate the greatest common factor of w and 18.
18
Suppose 1821 = -5*q + 2*f, 2*q - 372 = 3*q - 3*f. Let t = q - -374. Calculate the highest common divisor of t and 352.
11
Let j = -19264 + 19309. What is the greatest common factor of 32805 and j?
45
Let h be 23 + 0 + -3 + 4. Suppose 5*x - 529 = 4*i, -6*x = -x + 5*i - 565. Let n = x + -106. Calculate the greatest common divisor of n and h.
3
Let b = -25022 + 26909. Calculate the greatest common factor of 555 and b.
111
Let m(b) = b**3 + 9*b**2 - b - 63. Let v be m(-8). Calculate the greatest common divisor of v and 11484.
9
Suppose -5*k = -5*i + 17370 - 6080, 0 = 4*i + 3*k - 8969. What is the highest common factor of i and 104?
13
Suppose -161 - 13 = -58*v. Suppose v*n - 26*n = -2553. What is the greatest common divisor of n and 185?
37
Let b(v) = 2*v**2 - 3 + 6 - v - v**2. Let a be b(6). Let j be 3*3 + -6 + (-16)/(-2). What is the greatest common divisor of a and j?
11
Suppose 0 = -3*o + w + 61, -4*o - o + 115 = -5*w. Let q be 4 + o + 1*-3. Let v = 5 + q. Calculate the highest common divisor of 10 and v.
5
Suppose f - 3*y = 5*f + 204, -2*f + y - 92 = 0. Let q = f + 52. Suppose 5*j + 23 = q*p, 0 = 2*p + p + j - 3. What is the highest common factor of p and 10?
2
Let c be (-18)/(-189) + (0 - (-9430)/210). What is the highest common divisor of 2535 and c?
15
Suppose 6*n - 147 = -3. Let o be (-442)/(-10) + 14/(-70). Suppose -n*t + o = -23*t. Calculate the highest common divisor of t and 396.
44
Let b be (16/12)/((-1)/(-3)). Suppose b*i - 5*k - 75 = 0, 7 = -3*k - 2. Let n(q) = -2*q + 3. Let y be n(-6). Calculate the greatest common divisor of y and i.
15
Let u be 37 + 928/(-29) - 1*(1 - 202). Calculate the highest common factor of u and 10.
2
Let z = -87 - -54. Let q = -45 - z. Let w be q/3 + 36 + 4. What is the greatest common factor of w and 4?
4
Let m = 236 - 129. Suppose m*w = 102*w + 100. Let y = 8 + 2. What is the greatest common divisor of y and w?
10
Let l = -912 - -1520. Calculate the highest common factor of 3572 and l.
76
Suppose 10 = f + 5*g, -g + 0*g = 0. Let t = 1486 - 991. Let j = t - 450. What is the highest common factor of j and f?
5
Let y = -45804 + 45852. Let x be 2114/8 + (-1)/4. What is the greatest common factor of y and x?
24
Let x(a) = 4*a**2 + 23*a - 50. Let v be x(-23). What is the highest common factor of v and 159?
53
Let q(o) = o**2 - 15*o + 11. Let t be q(20). Let z = -43 + t. Let y = -42 + z. What is the greatest common divisor of y and 13?
13
Suppose -79 = -10*l - 7*l + 1298. Calculate the highest common divisor of l and 324.
81
Let q be 5/((-125)/10) + (-67)/(-5). Suppose c - q = 3*o, o + 3 = -c + 4. What is the highest common divisor of c and 10?
2
Suppose -3*v + 1656 = -4*c, -4*c + 443 + 77 = v. What is the highest common factor of v and 357?
17
Let u be (-1377)/34*46/(-6)*4. Calculate the greatest common divisor of 324 and u.
54
Let x = -12 + 28. Let s = 45 - -6. Suppose -l = -5*o + 75, 3*o + 2*l = 7 + s. What is the highest common factor of o and x?
16
Let c = 4960 - 4920. Let k be 40/(5*8/60). Suppose 5*z + 2*g = -3*g + k, -3*z = g - 32. What is the highest common divisor of z and c?
10
Let n = 7848 + -7120. Calculate the greatest common divisor of 280 and n.
56
Let a = 36819 + -36805. What is the greatest common divisor of 6202 and a?
14
Let z = 595 - 566. Let v(i) = i**2 + 1. Let x be v(2). Suppose 0 = -b - s + 323, 1607 = x*b + 2*s + s. What is the greatest common factor of b and z?
29
Let a be (-79009)/(-3) + (-6)/(-1) + (-2300)/276. Calculate the greatest common divisor of a and 33.
33
Let h(z) = 16*z**3 - 3*z**2 + z + 1. Let p be h(1). Let w be ((-15)/12)/((0 + 5)/(-120)). Suppose 12 = 7*i - w. Calculate the highest common divisor of p and i.
3
Let m(f) = 172*f - 6448. Let g be m(50). What is the highest common factor of 72 and g?
8
Suppose -3*y + 4*y - 2 = 0. Suppose 5*p = 2*n + 168, 6*n - y*n = p - 30. Let c be 31 + 5 + (-8)/4. Calculate the greatest common divisor of p and c.
34
Let h(c) = -c**3 + 31*c**2 - 32*c + 309. Let y be h(30). Calculate the highest common factor of y and 2075.
83
Suppose -5*p - 3*d = -100, -3*p + p - 3*d = -49. Let s(b) = b**2 + 2*b + 41. Let v be s(p). What is the highest common divisor of 91 and v?
91
Let j = -23982 + 24286. What is the highest common divisor of j and 2774?
38
Let r(f) = -f**3 - 6*f**2 - 20*f - 26. Let x be r(-4). Let h(j) = -2*j**2 + 65*j - 30. Let w be h(x). What is the greatest common divisor of w and 96?
48
Let y(l) = l**3 + 3*l**2 + 6*l + 8. Let x be y(-2). Suppose x*q + 2*q - 2*t = 920, -5*q + 2308 = -t. What is the greatest common factor of q and 66?
66
Let q(j) = 97*j**2 + j. Let z be q(-1). Let t be 48/(-10)*(-24 - (-1419)/66). Calculate the greatest common factor of t and z.
12
Suppose 5*r + 3*b - 3935 = 644, -b + 3666 = 4*r. What is the highest common divisor of r and 14?
7
Let u = 52 - -39. Suppose 0 = -5*c - 2*p + 501, 2*c = c - 5*p + u. Suppose -431 - c = -7*b. Calculate the greatest common factor of b and 190.
38
Suppose -20*v + 68 = -312. Let r be 2/(-8) - 1599/(-12). What is the greatest common factor of v and r?
19
Let t(z) = z**3 + 16*z**2 - 513. Let n be t(-11). Let o be (644/12)/(1/3). Calculate the highest common divisor of n and o.
23
Suppose -4*z + 96 = -b, 3*z + 5*b = 7*b + 72. Suppose -20*j - 880 = -z*j. Calculate the highest common factor of j and 88.
44
Let d be 2 + (-1890)/(-40) + 3/4. Let m = 90 - d. Calculate the greatest common factor of 16 and m.
8
Let w = 12 + -7. Suppose -w*x - j = -77, -20 = -3*x + 5*j + 43. Let k = 618 + -538. Calculate the highest common factor of k and x.
16
Let r(m) = 3*m + 10. Let v be r(7). Let l be 570/2565 + 2786/18. What is the highest common factor of l and v?
31
Suppose 4*n + 4559 = 3*d, -21 = -5*n - 16. Calculate the highest common divisor of 81 and d.
9
Suppose -5*b + 1160 + 2900 = 0. Suppose -b = -13*d + 423. Calculate the greatest common divisor of d and 38.
19
Let n = -251 + 1126. Calculate the highest common factor of n and 105.
35
Suppose -5*p = -160 - 280. Let b(r) = r**2 - 25*r - 4. Let q(z) = 15*z + 71. Let a be q(-3). Let x be b(a). Calculate the highest common factor of p and x.
22
Let z = 245 + -47. Let j = 213 - z. Let b = 5 + 0. Calculate the greatest common divisor of b and j.
5
Let i be (75/(-20) - -2)/(56/(-8064)). Calculate the highest common factor of 441 and i.
63
Suppose 288 = -93*j + 101*j. Calculate the highest common divisor of j and 54.
18
Let x(m) = -21*m + 3. Let a be x(-4). Let h = 63 - 185. Let l = h + 180. Calculate the greatest common factor of l and a.
29
Let m = 1849 - 899. What is the greatest common factor of m and 1330?
190
Let d = -37093 + 37534. Calculate the highest common factor of d and 10017.
63
Let f = 251 + -226. Suppose -f*g = 134 - 184. Let o(b) = 21*b**2 + b. Let i be o(-1). What is the highest common divisor of g and i?
2
Let h(b) = -b**3 - 84*b**2 + b + 110. Let y be h(-84). What is the greatest common factor of 5057 and y?
13
Let w(j) = 48*j - 44. Let u be w(3). Suppose 39*o = 41*o - u. What is the highest common factor of o and 50?
50
Let j be (4/3*138/40)/(6/150). Calculate the highest common divisor of 215 and